{"id":1185,"date":"2021-07-04T12:38:12","date_gmt":"2021-07-04T10:38:12","guid":{"rendered":"https:\/\/matchthemes.com\/demowp\/caverta\/?page_id=1185"},"modified":"2022-01-05T00:25:06","modified_gmt":"2022-01-05T05:25:06","slug":"a-propos","status":"publish","type":"page","link":"https:\/\/www.saintdoner.com\/index.php\/a-propos\/","title":{"rendered":"\u00c0 propos"},"content":{"rendered":"\t\t<div data-elementor-type=\"wp-page\" data-elementor-id=\"1185\" class=\"elementor elementor-1185\">\n\t\t\t\t\t\t\t\t\t<section class=\"elementor-section elementor-top-section elementor-element elementor-element-03c0048 elementor-section-boxed elementor-section-height-default elementor-section-height-default\" data-id=\"03c0048\" data-element_type=\"section\">\n\t\t\t\t\t\t<div class=\"elementor-container elementor-column-gap-default\">\n\t\t\t\t\t<div class=\"elementor-column elementor-col-50 elementor-top-column elementor-element elementor-element-0f99e1a\" data-id=\"0f99e1a\" data-element_type=\"column\">\n\t\t\t<div class=\"elementor-widget-wrap elementor-element-populated\">\n\t\t\t\t\t\t\t\t<div class=\"elementor-element elementor-element-925749e elementor-view-default elementor-widget elementor-widget-icon\" data-id=\"925749e\" data-element_type=\"widget\" data-widget_type=\"icon.default\">\n\t\t\t\t<div class=\"elementor-widget-container\">\n\t\t\t\t\t<div class=\"elementor-icon-wrapper\">\n\t\t\t<div class=\"elementor-icon\">\n\t\t\t<i aria-hidden=\"true\" class=\"fas fa-map-marker-alt\"><\/i>\t\t\t<\/div>\n\t\t<\/div>\n\t\t\t\t<\/div>\n\t\t\t\t<\/div>\n\t\t\t\t<div class=\"elementor-element elementor-element-14c15a26 widgettitle elementor-widget elementor-widget-heading\" data-id=\"14c15a26\" data-element_type=\"widget\" data-widget_type=\"heading.default\">\n\t\t\t\t<div class=\"elementor-widget-container\">\n\t\t\t<div class=\"elementor-heading-title elementor-size-default\">Tra\u00e7abilit\u00e9<\/div>\t\t<\/div>\n\t\t\t\t<\/div>\n\t\t\t\t<div class=\"elementor-element elementor-element-16222d22 elementor-widget elementor-widget-text-editor\" data-id=\"16222d22\" data-element_type=\"widget\" data-widget_type=\"text-editor.default\">\n\t\t\t\t<div class=\"elementor-widget-container\">\n\t\t\t\t\t\t\t<p>Au Saint D\u00f6ner, on trouve \u00e7a important de pouvoir vous dire d&rsquo;o\u00f9 proviennent les aliments qui sont dans votre sandwich, en toute transparence!\u00a0 <\/p>\t\t\t\t\t\t<\/div>\n\t\t\t\t<\/div>\n\t\t\t\t\t<\/div>\n\t\t<\/div>\n\t\t\t\t<div class=\"elementor-column elementor-col-50 elementor-top-column elementor-element elementor-element-a837db8\" data-id=\"a837db8\" data-element_type=\"column\">\n\t\t\t<div class=\"elementor-widget-wrap elementor-element-populated\">\n\t\t\t\t\t\t\t\t<div class=\"elementor-element elementor-element-a3ab509 elementor-view-default elementor-widget elementor-widget-icon\" data-id=\"a3ab509\" data-element_type=\"widget\" data-widget_type=\"icon.default\">\n\t\t\t\t<div class=\"elementor-widget-container\">\n\t\t\t\t\t<div class=\"elementor-icon-wrapper\">\n\t\t\t<div class=\"elementor-icon\">\n\t\t\t<i aria-hidden=\"true\" class=\"fas fa-utensils\"><\/i>\t\t\t<\/div>\n\t\t<\/div>\n\t\t\t\t<\/div>\n\t\t\t\t<\/div>\n\t\t\t\t<div class=\"elementor-element elementor-element-c73c052 widgettitle elementor-widget elementor-widget-heading\" data-id=\"c73c052\" data-element_type=\"widget\" data-widget_type=\"heading.default\">\n\t\t\t\t<div class=\"elementor-widget-container\">\n\t\t\t<div class=\"elementor-heading-title elementor-size-default\">Fait maison<\/div>\t\t<\/div>\n\t\t\t\t<\/div>\n\t\t\t\t<div class=\"elementor-element elementor-element-509ff1b elementor-widget elementor-widget-text-editor\" data-id=\"509ff1b\" data-element_type=\"widget\" data-widget_type=\"text-editor.default\">\n\t\t\t\t<div class=\"elementor-widget-container\">\n\t\t\t\t\t\t\t<p>Tous les produits propos\u00e9s \u00e0 notre carte sont pr\u00e9par\u00e9s dans notre cuisine et on en est fiers! On sait donc exactement de quoi tout est fait et on vous le partage avec plaisir!<\/p>\t\t\t\t\t\t<\/div>\n\t\t\t\t<\/div>\n\t\t\t\t\t<\/div>\n\t\t<\/div>\n\t\t\t\t\t\t\t<\/div>\n\t\t<\/section>\n\t\t\t\t<section class=\"elementor-section elementor-top-section elementor-element elementor-element-465d4a7 elementor-section-boxed elementor-section-height-default elementor-section-height-default\" data-id=\"465d4a7\" data-element_type=\"section\">\n\t\t\t\t\t\t<div class=\"elementor-container elementor-column-gap-default\">\n\t\t\t\t\t<div class=\"elementor-column elementor-col-100 elementor-top-column elementor-element elementor-element-49b565d\" data-id=\"49b565d\" data-element_type=\"column\">\n\t\t\t<div class=\"elementor-widget-wrap elementor-element-populated\">\n\t\t\t\t\t\t\t\t<div class=\"elementor-element elementor-element-445977a elementor-widget elementor-widget-spacer\" data-id=\"445977a\" data-element_type=\"widget\" data-widget_type=\"spacer.default\">\n\t\t\t\t<div class=\"elementor-widget-container\">\n\t\t\t\t\t<div class=\"elementor-spacer\">\n\t\t\t<div class=\"elementor-spacer-inner\"><\/div>\n\t\t<\/div>\n\t\t\t\t<\/div>\n\t\t\t\t<\/div>\n\t\t\t\t\t<\/div>\n\t\t<\/div>\n\t\t\t\t\t\t\t<\/div>\n\t\t<\/section>\n\t\t\t\t<section class=\"elementor-section elementor-top-section elementor-element elementor-element-effccc0 elementor-section-boxed elementor-section-height-default elementor-section-height-default\" data-id=\"effccc0\" data-element_type=\"section\">\n\t\t\t\t\t\t<div class=\"elementor-container elementor-column-gap-default\">\n\t\t\t\t\t<div class=\"elementor-column elementor-col-50 elementor-top-column elementor-element elementor-element-74b5d41\" data-id=\"74b5d41\" data-element_type=\"column\">\n\t\t\t<div class=\"elementor-widget-wrap elementor-element-populated\">\n\t\t\t\t\t\t\t\t<div class=\"elementor-element elementor-element-c71c157 elementor-widget elementor-widget-spacer\" data-id=\"c71c157\" data-element_type=\"widget\" data-widget_type=\"spacer.default\">\n\t\t\t\t<div class=\"elementor-widget-container\">\n\t\t\t\t\t<div class=\"elementor-spacer\">\n\t\t\t<div class=\"elementor-spacer-inner\"><\/div>\n\t\t<\/div>\n\t\t\t\t<\/div>\n\t\t\t\t<\/div>\n\t\t\t\t<div class=\"elementor-element elementor-element-3b44ecf elementor-widget elementor-widget-text-editor\" data-id=\"3b44ecf\" data-element_type=\"widget\" data-widget_type=\"text-editor.default\">\n\t\t\t\t<div class=\"elementor-widget-container\">\n\t\t\t\t\t\t\t<div class=\"smalltitle margin-b16\">Le Saint D\u00f6ner sandwichs<\/div><h2>C&rsquo;est quoi?<\/h2><p>\u00a0<\/p><p>Le Saint D\u00f6ner sandwichs, c\u2019est un resto dont la sp\u00e9cialit\u00e9 est le sandwich d\u00f6ner-kebab. Propos\u00e9 dans une version d\u2019inspiration europ\u00e9enne et pr\u00e9par\u00e9 avec de la viande du Qu\u00e9bec, certifi\u00e9e sans hormone de croissance ni antibiotique, il est cuisin\u00e9 maison dans notre resto du Plateau.<\/p>\t\t\t\t\t\t<\/div>\n\t\t\t\t<\/div>\n\t\t\t\t\t<\/div>\n\t\t<\/div>\n\t\t\t\t<div class=\"elementor-column elementor-col-50 elementor-top-column elementor-element elementor-element-96f43fd\" data-id=\"96f43fd\" data-element_type=\"column\">\n\t\t\t<div class=\"elementor-widget-wrap elementor-element-populated\">\n\t\t\t\t\t\t\t\t<div class=\"elementor-element elementor-element-528ad42 elementor-widget elementor-widget-image\" data-id=\"528ad42\" data-element_type=\"widget\" data-widget_type=\"image.default\">\n\t\t\t\t<div class=\"elementor-widget-container\">\n\t\t\t\t\t\t\t\t\t\t\t\t\t\t\t<img fetchpriority=\"high\" decoding=\"async\" width=\"2560\" height=\"1707\" src=\"https:\/\/www.saintdoner.com\/wp-content\/uploads\/2021\/09\/Saint-Doner-Sandwichs-scaled.jpg\" class=\"attachment-full size-full wp-image-2499\" alt=\"Saint D\u00f6ner - Sandwichs et frites\" srcset=\"https:\/\/www.saintdoner.com\/wp-content\/uploads\/2021\/09\/Saint-Doner-Sandwichs-scaled.jpg 2560w, https:\/\/www.saintdoner.com\/wp-content\/uploads\/2021\/09\/Saint-Doner-Sandwichs-300x200.jpg 300w, https:\/\/www.saintdoner.com\/wp-content\/uploads\/2021\/09\/Saint-Doner-Sandwichs-1024x683.jpg 1024w, https:\/\/www.saintdoner.com\/wp-content\/uploads\/2021\/09\/Saint-Doner-Sandwichs-768x512.jpg 768w, https:\/\/www.saintdoner.com\/wp-content\/uploads\/2021\/09\/Saint-Doner-Sandwichs-1536x1024.jpg 1536w, https:\/\/www.saintdoner.com\/wp-content\/uploads\/2021\/09\/Saint-Doner-Sandwichs-2048x1365.jpg 2048w\" sizes=\"(max-width: 2560px) 100vw, 2560px\" \/>\t\t\t\t\t\t\t\t\t\t\t\t\t\t\t<\/div>\n\t\t\t\t<\/div>\n\t\t\t\t\t<\/div>\n\t\t<\/div>\n\t\t\t\t\t\t\t<\/div>\n\t\t<\/section>\n\t\t\t\t<section class=\"elementor-section elementor-top-section elementor-element elementor-element-fb08109 elementor-section-boxed elementor-section-height-default elementor-section-height-default\" data-id=\"fb08109\" data-element_type=\"section\">\n\t\t\t\t\t\t<div class=\"elementor-container elementor-column-gap-default\">\n\t\t\t\t\t<div class=\"elementor-column elementor-col-100 elementor-top-column elementor-element elementor-element-e0fc35a\" data-id=\"e0fc35a\" data-element_type=\"column\">\n\t\t\t<div class=\"elementor-widget-wrap elementor-element-populated\">\n\t\t\t\t\t\t\t\t<div class=\"elementor-element elementor-element-b5f5dde elementor-widget elementor-widget-text-editor\" data-id=\"b5f5dde\" data-element_type=\"widget\" data-widget_type=\"text-editor.default\">\n\t\t\t\t<div class=\"elementor-widget-container\">\n\t\t\t\t\t\t\t<p style=\"text-align: center;\"><span style=\"text-align: center;\"><a class=\"view-more margin-t36\" href=\"https:\/\/www.saintdoner.com\/index.php\/contact-2\/\">Nous contacter<\/a><\/span><br \/><span style=\"text-align: center;\"><a class=\"view-more margin-t36\" href=\"https:\/\/www.saintdoner.com\/index.php\/menu\/\">Voir le menu<\/a><\/span><\/p>\t\t\t\t\t\t<\/div>\n\t\t\t\t<\/div>\n\t\t\t\t\t<\/div>\n\t\t<\/div>\n\t\t\t\t\t\t\t<\/div>\n\t\t<\/section>\n\t\t\t\t<section class=\"elementor-section elementor-top-section elementor-element elementor-element-40eba196 elementor-section-stretched elementor-section-boxed elementor-section-height-default elementor-section-height-default\" data-id=\"40eba196\" data-element_type=\"section\" data-settings=\"{&quot;stretch_section&quot;:&quot;section-stretched&quot;,&quot;background_background&quot;:&quot;classic&quot;}\">\n\t\t\t\t\t\t\t<div class=\"elementor-background-overlay\"><\/div>\n\t\t\t\t\t\t\t<div class=\"elementor-container elementor-column-gap-default\">\n\t\t\t\t\t<div class=\"elementor-column elementor-col-100 elementor-top-column elementor-element elementor-element-5d261611\" data-id=\"5d261611\" data-element_type=\"column\" data-settings=\"{&quot;background_background&quot;:&quot;slideshow&quot;,&quot;background_slideshow_gallery&quot;:[],&quot;background_slideshow_loop&quot;:&quot;yes&quot;,&quot;background_slideshow_slide_duration&quot;:5000,&quot;background_slideshow_slide_transition&quot;:&quot;fade&quot;,&quot;background_slideshow_transition_duration&quot;:500}\">\n\t\t\t<div class=\"elementor-widget-wrap elementor-element-populated\">\n\t\t\t\t\t\t\t\t<div class=\"elementor-element elementor-element-19c71d5b elementor-widget elementor-widget-text-editor\" data-id=\"19c71d5b\" data-element_type=\"widget\" data-widget_type=\"text-editor.default\">\n\t\t\t\t<div class=\"elementor-widget-container\">\n\t\t\t\t\t\t\t<div class=\"smalltitle white margin-b16\">Notre philosophie<\/div>\t\t\t\t\t\t<\/div>\n\t\t\t\t<\/div>\n\t\t\t\t<div class=\"elementor-element elementor-element-1bc21c9 elementor-widget elementor-widget-heading\" data-id=\"1bc21c9\" data-element_type=\"widget\" data-widget_type=\"heading.default\">\n\t\t\t\t<div class=\"elementor-widget-container\">\n\t\t\t<h2 class=\"elementor-heading-title elementor-size-default\">Un service au top<\/h2>\t\t<\/div>\n\t\t\t\t<\/div>\n\t\t\t\t<div class=\"elementor-element elementor-element-416885bf elementor-widget elementor-widget-text-editor\" data-id=\"416885bf\" data-element_type=\"widget\" data-widget_type=\"text-editor.default\">\n\t\t\t\t<div class=\"elementor-widget-container\">\n\t\t\t\t\t\t\t<p>Au Saint D\u00f6ner, notre plus grand plaisir c\u2019est de vous accueillir dans un lieu convivial, vous servir avec le sourire et ce sans compromis sur la rapidit\u00e9 \u2013 on reste un fast food! -. Parce qu\u2019on sait qu\u2019un plat go\u00fbte toujours meilleur quand le service est agr\u00e9able et bien fait!<\/p>\t\t\t\t\t\t<\/div>\n\t\t\t\t<\/div>\n\t\t\t\t\t<\/div>\n\t\t<\/div>\n\t\t\t\t\t\t\t<\/div>\n\t\t<\/section>\n\t\t\t\t\t\t\t<\/div>\n\t\t","protected":false},"excerpt":{"rendered":"<p>Tra\u00e7abilit\u00e9 Au Saint D\u00f6ner, on trouve \u00e7a important de pouvoir vous dire d&rsquo;o\u00f9 proviennent les aliments qui sont dans votre sandwich, en toute transparence!\u00a0 Fait maison Tous les produits propos\u00e9s \u00e0 notre carte sont pr\u00e9par\u00e9s dans notre cuisine et on en est fiers! On sait donc exactement de quoi tout est fait et on vous le partage avec plaisir! Le&#8230;<\/p>\n","protected":false},"author":1,"featured_media":2045,"parent":0,"menu_order":0,"comment_status":"closed","ping_status":"closed","template":"","meta":{"_monsterinsights_skip_tracking":false,"_monsterinsights_sitenote_active":false,"_monsterinsights_sitenote_note":"","_monsterinsights_sitenote_category":0,"footnotes":""},"_links":{"self":[{"href":"https:\/\/www.saintdoner.com\/index.php\/wp-json\/wp\/v2\/pages\/1185"}],"collection":[{"href":"https:\/\/www.saintdoner.com\/index.php\/wp-json\/wp\/v2\/pages"}],"about":[{"href":"https:\/\/www.saintdoner.com\/index.php\/wp-json\/wp\/v2\/types\/page"}],"author":[{"embeddable":true,"href":"https:\/\/www.saintdoner.com\/index.php\/wp-json\/wp\/v2\/users\/1"}],"replies":[{"embeddable":true,"href":"https:\/\/www.saintdoner.com\/index.php\/wp-json\/wp\/v2\/comments?post=1185"}],"version-history":[{"count":91,"href":"https:\/\/www.saintdoner.com\/index.php\/wp-json\/wp\/v2\/pages\/1185\/revisions"}],"predecessor-version":[{"id":3077,"href":"https:\/\/www.saintdoner.com\/index.php\/wp-json\/wp\/v2\/pages\/1185\/revisions\/3077"}],"wp:featuredmedia":[{"embeddable":true,"href":"https:\/\/www.saintdoner.com\/index.php\/wp-json\/wp\/v2\/media\/2045"}],"wp:attachment":[{"href":"https:\/\/www.saintdoner.com\/index.php\/wp-json\/wp\/v2\/media?parent=1185"}],"curies":[{"name":"wp","href":"https:\/\/api.w.org\/{rel}","templated":true}]}}